{"id":410,"date":"2025-06-13T16:09:53","date_gmt":"2025-06-13T14:09:53","guid":{"rendered":"http:\/\/localhost\/szirbesuj\/?page_id=410"},"modified":"2025-07-02T11:01:33","modified_gmt":"2025-07-02T09:01:33","slug":"kezdooldal","status":"publish","type":"page","link":"https:\/\/szirbes.hu\/","title":{"rendered":"Kezd\u0151oldal"},"content":{"rendered":"\n<p class=\"has-text-align-center\"><strong>K\u00f6sz\u00f6ntj\u00fck az oldalunkon<\/strong>!<\/p>\n\n\n<div class=\"wp-block-image\">\n<figure class=\"aligncenter size-full is-resized\"><img decoding=\"async\" src=\"https:\/\/szirbes.hu\/wp-content\/uploads\/2025\/06\/ikonok-vagott2.png\" alt=\"szent\u00e9ly, alapk\u00e9pek\" class=\"wp-image-544\" style=\"width:796px;height:auto\"\/><\/figure>\n<\/div>\n\n\n<p class=\"has-text-align-right\">L\u00e1togassa meg egyh\u00e1zk\u00f6zs\u00e9g\u00fcnk <a href=\"https:\/\/www.facebook.com\/people\/Szirmabeseny%C5%91i-G%C3%B6r%C3%B6gkatolikus-Par%C3%B3kia\/61555193572777\/\" target=\"_blank\" rel=\"noreferrer noopener\">Facebook oldal\u00e1t<\/a> is.<\/p>\n\n\n\n<p class=\"has-text-align-right\">Az \u00f6sszes bejegyz\u00e9st a <a href=\"https:\/\/szirbes.hu\/index.php\/bejegyzesek\/\">Bejegyz\u00e9sek <\/a>men\u00fcre kattintva tal\u00e1lja.<\/p>\n\n\n<ul class=\"wp-block-latest-posts__list has-dates wp-block-latest-posts\"><li><a class=\"wp-block-latest-posts__post-title\" href=\"https:\/\/szirbes.hu\/index.php\/2026\/05\/03\/heti-szertartasok-hirdetesek\/\">Heti szertart\u00e1sok \u00e9s hirdet\u00e9sek<\/a><time datetime=\"2026-05-03T20:48:00+02:00\" class=\"wp-block-latest-posts__post-date\">2026-05-03<\/time><div class=\"wp-block-latest-posts__post-full-content\"><!-- wp:paragraph -->\n<p><\/p>\n<!-- \/wp:paragraph -->\n\n<!-- wp:paragraph -->\n<p><strong>Liturgikus rend a Szirmabeseny\u0151i G\u00f6r\u00f6gkatolikus Par\u00f3kia ter\u00fclet\u00e9n \u2013 2026<\/strong><\/p>\n<!-- \/wp:paragraph -->\n\n<!-- wp:table -->\n<figure class=\"wp-block-table\"><table class=\"has-fixed-layout\"><tbody><tr><td><em>05. 03. <strong>Szamariai asszony vas\u00e1rnap<\/strong><\/em><\/td><td>\u00a0<\/td><td>\u00a0<\/td><td>16.00 Vecsernye<\/td><\/tr><tr><td><em>05. 04. H\u00e9tf\u0151<\/em><\/td><td>\u00a0<\/td><td><em>14.00 Temet\u00e9s<\/em><\/td><td>18.00 Szent Liturgia<\/td><\/tr><tr><td><em>05. 05. Kedd<\/em><\/td><td>\u00a0<\/td><td>\u00a0<\/td><td>\u00a0<\/td><\/tr><tr><td><em>05. 06. Szerda<\/em> <em>Az \u00d6tvened k. \u00fcnz.<\/em><\/td><td>8.00 Szent Liturgia<\/td><td><strong><em>\u00a0<\/em><\/strong><\/td><td><em>\u00a0<\/em><\/td><\/tr><tr><td><em>05. 07. Cs\u00fct\u00f6rt\u00f6k<\/em><\/td><td>\u00a0<\/td><td>\u00a0<\/td><td>18.00 Paraklisz<\/td><\/tr><tr><td><em>05. 08. P\u00e9ntek<\/em> <em>Szent J\u00e1nos ap. ev.<\/em><\/td><td>\u00a0<\/td><td>\u00a0<\/td><td>18.00 Szent Liturgia<\/td><\/tr><tr><td><em>05. 09. Szombat<\/em><\/td><td>\u00a0<\/td><td><em>\u00a0<\/em><\/td><td>18.00 Vecsernye<\/td><\/tr><tr><td><em>05. 10. <strong>A vakon-<\/strong><\/em> <strong><em>sz\u00fcletett vas.<\/em><\/strong><em><\/em><\/td><td>9.00 Utrenye<\/td><td>10.00 <strong>Szent Liturgia<\/strong><\/td><td>16.00 Vecsernye<\/td><\/tr><\/tbody><\/table><\/figure>\n<!-- \/wp:table -->\n\n<!-- wp:paragraph -->\n<p><strong><em>\u201e<\/em><\/strong><strong><em>A v\u00edz, amelyet \u00e9n adok neki, \u00f6r\u00f6k \u00e9letre sz\u00f6kell\u0151 v\u00edzforr\u00e1s lesz benne\u2026 <\/em><\/strong><strong><em>Uram, add nekem ezt a vizet, hogy ne szomjazzam t\u00f6bb\u00e9.\u201d<\/em><\/strong><strong><em> (Jn 4,13-14)<\/em><\/strong><strong><em><\/em><\/strong><\/p>\n<!-- \/wp:paragraph -->\n\n<!-- wp:paragraph -->\n<p><strong><em>Hirdet\u00e9sek:<\/em><\/strong><strong><em><\/em><\/strong><\/p>\n<!-- \/wp:paragraph -->\n\n<!-- wp:paragraph -->\n<p>&#8211; Im\u00e1dkozzunk tov\u00e1bbra is a ballag\u00f3k\u00e9rt \u00e9s \u00e9retts\u00e9giz\u0151k\u00e9rt!<strong><em><\/em><\/strong><\/p>\n<!-- \/wp:paragraph -->\n\n<!-- wp:paragraph -->\n<p>&#8211; Holnap, 14 \u00f3r\u00e1t\u00f3l lesz Koz\u00e1k L\u00e1szl\u00f3n\u00e9, Ir\u00e9n testv\u00e9r\u00fcnk temet\u00e9se. K\u00e9rj\u00fck az Urat, hogy h\u0171s\u00e9ges egyh\u00e1ztagunkat az \u00fcdv\u00f6ss\u00e9gben vegye mag\u00e1hoz!<\/p>\n<!-- \/wp:paragraph -->\n\n<!-- wp:paragraph -->\n<p>&#8211; A gyermekek els\u0151 szentgy\u00f3n\u00e1s\u00e1ra szombaton 10 \u00f3r\u00e1t\u00f3l, az \u00fcnnep\u00e9lyes szent\u00e1ldoz\u00e1s\u00e1ra pedig vas\u00e1rnap 10 \u00f3r\u00e1t\u00f3l ker\u00fcl sor. Im\u00e1dkozzunk \u00e9rt\u00fck, hogy a szents\u00e9gek \u00e1ltal k\u00e9s\u0151bb is h\u0171s\u00e9gesek legyenek Krisztushoz.<\/p>\n<!-- \/wp:paragraph -->\n\n<!-- wp:paragraph -->\n<p>&#8211; T\u00edz \u00f3r\u00e1n kereszt\u00fcl Szent\u00edr\u00e1solvas\u00e1st tartanak fiatalok bevon\u00e1s\u00e1val, a miskolctapolcai egyetemi koll\u00e9gium k\u00e1poln\u00e1j\u00e1ban, m\u00e1jus 12-\u00e9n, kedden. V\u00e1rnak olyan jelentkez\u0151ket, akik sz\u00edvesen bekapcsol\u00f3dn\u00e1nak a d\u00e9lel\u0151tt 10 \u00f3r\u00e1t\u00f3l este 20 \u00f3r\u00e1ig tart\u00f3 Bibliaolvas\u00e1sra.<\/p>\n<!-- \/wp:paragraph -->\n\n<!-- wp:paragraph -->\n<p>&#8211; Az idei hittant\u00e1bor j\u00fanius 22-24 k\u00f6z\u00f6tt B\u00f3dvaszilason lesz. A r\u00e9szv\u00e9teli d\u00edj 2026 Ft, de a ministr\u00e1nsok, \u00e9s azok sz\u00e1m\u00e1ra, akik a hittanversenyen r\u00e9szt vettek, ingyenes.<\/p>\n<!-- \/wp:paragraph -->\n\n<!-- wp:paragraph -->\n<p>&#8211; Tisztelettel k\u00e9rj\u00fck a szem\u00e9lyi j\u00f6vedelemad\u00f3k 1%-nak felaj\u00e1nl\u00e1s\u00e1t a Magyar Katolikus Egyh\u00e1z r\u00e9sz\u00e9re. A technikai sz\u00e1m: 0011. Ugyancsak k\u00e9rj\u00fck, hogy a m\u00e1sik 1%-al lehet\u0151leg a kezel\u00e9s\u00fcnkben l\u00e9v\u0151 Szent Gy\u00f6rgy Alap\u00edtv\u00e1ny jav\u00e1ra rendelkezzenek, a 18416417-1-05 ad\u00f3sz\u00e1m haszn\u00e1lat\u00e1val. A bej\u00f6v\u0151 \u00f6sszeget k\u00f6z\u00f6ss\u00e9gi c\u00e9lra ford\u00edtjuk. <strong><em><\/em><\/strong><\/p>\n<!-- \/wp:paragraph -->\n\n<!-- wp:paragraph -->\n<p><em>Szirmabeseny\u0151i G\u00f6r\u00f6gkatolikus Par\u00f3kia &#8211; (46) 421-691; 30\/2498 213; polyakim@freemail.hu; szirbes.hu<\/em><\/p>\n<!-- \/wp:paragraph -->\n\n<!-- wp:image {\"id\":1699,\"sizeSlug\":\"large\",\"linkDestination\":\"none\"} -->\n<figure class=\"wp-block-image size-large\"><img loading=\"lazy\" decoding=\"async\" width=\"724\" height=\"1024\" src=\"https:\/\/szirbes.hu\/wp-content\/uploads\/2026\/03\/1000005535-724x1024.png\" alt=\"\" class=\"wp-image-1699\" srcset=\"https:\/\/szirbes.hu\/wp-content\/uploads\/2026\/03\/1000005535-724x1024.png 724w, https:\/\/szirbes.hu\/wp-content\/uploads\/2026\/03\/1000005535-212x300.png 212w, https:\/\/szirbes.hu\/wp-content\/uploads\/2026\/03\/1000005535-768x1086.png 768w, https:\/\/szirbes.hu\/wp-content\/uploads\/2026\/03\/1000005535-1086x1536.png 1086w, https:\/\/szirbes.hu\/wp-content\/uploads\/2026\/03\/1000005535-1448x2048.png 1448w, https:\/\/szirbes.hu\/wp-content\/uploads\/2026\/03\/1000005535.png 1587w\" sizes=\"auto, (max-width: 724px) 100vw, 724px\" \/><\/figure>\n<!-- \/wp:image -->\n\n<!-- wp:image {\"id\":1698,\"sizeSlug\":\"large\",\"linkDestination\":\"none\"} -->\n<figure class=\"wp-block-image size-large\"><img loading=\"lazy\" decoding=\"async\" width=\"724\" height=\"1024\" src=\"https:\/\/szirbes.hu\/wp-content\/uploads\/2026\/03\/1000005536-724x1024.png\" alt=\"\" class=\"wp-image-1698\" srcset=\"https:\/\/szirbes.hu\/wp-content\/uploads\/2026\/03\/1000005536-724x1024.png 724w, https:\/\/szirbes.hu\/wp-content\/uploads\/2026\/03\/1000005536-212x300.png 212w, https:\/\/szirbes.hu\/wp-content\/uploads\/2026\/03\/1000005536-768x1086.png 768w, https:\/\/szirbes.hu\/wp-content\/uploads\/2026\/03\/1000005536-1086x1536.png 1086w, https:\/\/szirbes.hu\/wp-content\/uploads\/2026\/03\/1000005536-1448x2048.png 1448w, https:\/\/szirbes.hu\/wp-content\/uploads\/2026\/03\/1000005536.png 1587w\" sizes=\"auto, (max-width: 724px) 100vw, 724px\" \/><\/figure>\n<!-- \/wp:image --><\/div><\/li>\n<\/ul>\n\n<ul class=\"wp-block-latest-posts__list has-dates wp-block-latest-posts\"><li><div class=\"wp-block-latest-posts__featured-image alignleft\"><a href=\"https:\/\/szirbes.hu\/index.php\/2026\/05\/01\/husvet\/\" aria-label=\"H\u00fasv\u00e9t\"><img loading=\"lazy\" decoding=\"async\" width=\"150\" height=\"150\" src=\"https:\/\/szirbes.hu\/wp-content\/uploads\/2026\/05\/663249533_122247283280173119_6671507266037392000_n-1-150x150.jpg\" class=\"attachment-thumbnail size-thumbnail wp-post-image\" alt=\"\" style=\"max-width:75px;max-height:75px;\" \/><\/a><\/div><a class=\"wp-block-latest-posts__post-title\" href=\"https:\/\/szirbes.hu\/index.php\/2026\/05\/01\/husvet\/\">H\u00fasv\u00e9t<\/a><time datetime=\"2026-05-01T14:16:00+02:00\" class=\"wp-block-latest-posts__post-date\">2026-05-01<\/time><div class=\"wp-block-latest-posts__post-excerpt\">Meg\u00fcnnepelt\u00fck H\u00fasv\u00e9tot, az \u00fcnnepek \u00fcnnep\u00e9t. Isten a mi \u00e9let\u00fcnk \u00e9rtelme, Krisztus felt\u00e1mad\u00e1sa a mi rem\u00e9nys\u00e9g\u00fcnk. Szent P\u00e1l apostol \u00edrja: ha vele egy\u00fctt meghalunk, \u00e9lni is fogunk vele egy\u00fctt&#8221; (2Tim 2,11). &#8230;<\/div><\/li>\n<li><div class=\"wp-block-latest-posts__featured-image alignleft\"><a href=\"https:\/\/szirbes.hu\/index.php\/2026\/03\/16\/keresztjaras-2026\/\" aria-label=\"Keresztj\u00e1r\u00e1s (2026. m\u00e1rcius 8.)\"><img loading=\"lazy\" decoding=\"async\" width=\"150\" height=\"150\" src=\"https:\/\/szirbes.hu\/wp-content\/uploads\/2026\/03\/3-150x150.jpg\" class=\"attachment-thumbnail size-thumbnail wp-post-image\" alt=\"\" style=\"max-width:75px;max-height:75px;\" \/><\/a><\/div><a class=\"wp-block-latest-posts__post-title\" href=\"https:\/\/szirbes.hu\/index.php\/2026\/03\/16\/keresztjaras-2026\/\">Keresztj\u00e1r\u00e1s (2026. m\u00e1rcius 8.)<\/a><time datetime=\"2026-03-16T21:57:51+01:00\" class=\"wp-block-latest-posts__post-date\">2026-03-16<\/time><div class=\"wp-block-latest-posts__post-excerpt\">Nagyb\u00f6jt harmadik, kereszth\u00f3dol\u00f3 vas\u00e1rnapj\u00e1nak d\u00e9lut\u00e1nj\u00e1n ism\u00e9t \u00fatnak indultunk p\u00e1ran, hogy felkeress\u00fck a telep\u00fcl\u00e9s\u00fcnk\u00f6n l\u00e9v\u0151 kereszteket \u00e9s im\u00e1dkozzunk el\u0151tt\u00fck. Ez\u00fattal a k\u00f6zpontban l\u00e9v\u0151 fesz\u00fcleteket l\u00e1togattuk meg. Utunkon, a r\u00f3mai katolikus templom &#8230;<\/div><\/li>\n<li><div class=\"wp-block-latest-posts__featured-image alignleft\"><a href=\"https:\/\/szirbes.hu\/index.php\/2026\/02\/24\/eloszenteltek-liturgiaja-es-koliba-aldas\/\" aria-label=\"El\u0151szenteltek Liturgi\u00e1ja \u00e9s koliba \u00e1ld\u00e1s\"><img loading=\"lazy\" decoding=\"async\" width=\"150\" height=\"150\" src=\"https:\/\/szirbes.hu\/wp-content\/uploads\/2026\/02\/IMG_20260220_183904-150x150.jpg\" class=\"attachment-thumbnail size-thumbnail wp-post-image\" alt=\"\" style=\"max-width:75px;max-height:75px;\" \/><\/a><\/div><a class=\"wp-block-latest-posts__post-title\" href=\"https:\/\/szirbes.hu\/index.php\/2026\/02\/24\/eloszenteltek-liturgiaja-es-koliba-aldas\/\">El\u0151szenteltek Liturgi\u00e1ja \u00e9s koliba \u00e1ld\u00e1s<\/a><time datetime=\"2026-02-24T08:03:03+01:00\" class=\"wp-block-latest-posts__post-date\">2026-02-24<\/time><div class=\"wp-block-latest-posts__post-excerpt\">Nagyb\u00f6jt els\u0151 p\u00e9ntekj\u00e9n, az El\u0151re Megszentelt \u00c1ldozat\u00fa Liturgi\u00e1t k\u00f6vet\u0151en, id\u00e9n is volt koliba \u00e1ld\u00e1s templomunkban. Szent Tivadar nagyv\u00e9rtan\u00fara, s az \u0151 h\u00edres csod\u00e1j\u00e1ra eml\u00e9kezt\u00fcnk. A b\u00faz\u00e1b\u00f3l k\u00e9sz\u00fclt, sok gy\u00fcm\u00f6lccsel, m\u00e9zzel, &#8230;<\/div><\/li>\n<li><div class=\"wp-block-latest-posts__featured-image alignleft\"><a href=\"https:\/\/szirbes.hu\/index.php\/2026\/02\/16\/hazassag-hete-2026\/\" aria-label=\"H\u00e1zass\u00e1g hete\"><img loading=\"lazy\" decoding=\"async\" width=\"150\" height=\"150\" src=\"https:\/\/szirbes.hu\/wp-content\/uploads\/2026\/02\/15-150x150.jpg\" class=\"attachment-thumbnail size-thumbnail wp-post-image\" alt=\"\" style=\"max-width:75px;max-height:75px;\" \/><\/a><\/div><a class=\"wp-block-latest-posts__post-title\" href=\"https:\/\/szirbes.hu\/index.php\/2026\/02\/16\/hazassag-hete-2026\/\">H\u00e1zass\u00e1g hete<\/a><time datetime=\"2026-02-16T21:47:15+01:00\" class=\"wp-block-latest-posts__post-date\">2026-02-16<\/time><div class=\"wp-block-latest-posts__post-excerpt\">H\u00e1zass\u00e1g Hete Szirmabeseny\u0151n Az idei H\u00e1zass\u00e1g Hete alakalm\u00e1b\u00f3l, febru\u00e1r 11-\u00e9n este, Ft. Szepesi Szil\u00e1rd m\u00facsonyi par\u00f3kus \u00far, a Miskolci Egyh\u00e1zmegye csal\u00e1dreferense volt a vend\u00e9g\u00fcnk, aki \u201eA h\u0171s\u00e9g szabads\u00e1ga\u201d c\u00edmen tartott &#8230;<\/div><\/li>\n<li><div class=\"wp-block-latest-posts__featured-image alignleft\"><a href=\"https:\/\/szirbes.hu\/index.php\/2026\/02\/08\/talalkozas-unnepe-2026-februar-2-gyertyaszentelo-boldogasszony\/\" aria-label=\"Tal\u00e1lkoz\u00e1s \u00fcnnepe &#8211; 2026. febru\u00e1r 2. (Gyertyaszentel\u0151 boldogasszony)\"><img loading=\"lazy\" decoding=\"async\" width=\"150\" height=\"150\" src=\"https:\/\/szirbes.hu\/wp-content\/uploads\/2026\/02\/1770117250144-150x150.jpg\" class=\"attachment-thumbnail size-thumbnail wp-post-image\" alt=\"\" style=\"max-width:75px;max-height:75px;\" \/><\/a><\/div><a class=\"wp-block-latest-posts__post-title\" href=\"https:\/\/szirbes.hu\/index.php\/2026\/02\/08\/talalkozas-unnepe-2026-februar-2-gyertyaszentelo-boldogasszony\/\">Tal\u00e1lkoz\u00e1s \u00fcnnepe &#8211; 2026. febru\u00e1r 2. (Gyertyaszentel\u0151 boldogasszony)<\/a><time datetime=\"2026-02-08T20:58:47+01:00\" class=\"wp-block-latest-posts__post-date\">2026-02-08<\/time><div class=\"wp-block-latest-posts__post-excerpt\">A Tal\u00e1lkoz\u00e1s \u00fcnnep\u00e9n (Gyertyaszentel\u0151 Boldogasszony napj\u00e1n) megeml\u00e9kezt\u00fcnk arr\u00f3l, hogy sz\u00fclei bemutatt\u00e1k a 40 napos, kis J\u00e9zust a jeruzs\u00e1lemi templomban. Ekkor Szent Simeon is karjaiba vehette \u0150t, \u00e9s a vil\u00e1g vil\u00e1goss\u00e1g\u00e1nak &#8230;<\/div><\/li>\n<li><div class=\"wp-block-latest-posts__featured-image alignleft\"><a href=\"https:\/\/szirbes.hu\/index.php\/2026\/01\/09\/vizkereszt-unnepe-2026\/\" aria-label=\"V\u00edzkereszt \u00fcnnepe (2026)\"><img loading=\"lazy\" decoding=\"async\" width=\"150\" height=\"150\" src=\"https:\/\/szirbes.hu\/wp-content\/uploads\/2026\/01\/2-150x150.jpg\" class=\"attachment-thumbnail size-thumbnail wp-post-image\" alt=\"\" style=\"max-width:75px;max-height:75px;\" \/><\/a><\/div><a class=\"wp-block-latest-posts__post-title\" href=\"https:\/\/szirbes.hu\/index.php\/2026\/01\/09\/vizkereszt-unnepe-2026\/\">V\u00edzkereszt \u00fcnnepe (2026)<\/a><time datetime=\"2026-01-09T10:28:27+01:00\" class=\"wp-block-latest-posts__post-date\">2026-01-09<\/time><div class=\"wp-block-latest-posts__post-excerpt\">V\u00edzkereszt trop\u00e1r (1. hang) &#8222;A Jord\u00e1nban val\u00f3 kereszteltet\u00e9sedkor Urunk,kijelentetett n\u00e9k\u00fcnk a Szenth\u00e1roms\u00e1g im\u00e1dtat\u00e1sa;mert az Aty\u00e1nak sz\u00f3zata tan\u00fas\u00e1got tett r\u00f3lad,a Szentl\u00e9lek galamb k\u00e9p\u00e9ben sz\u00e1llott le r\u00e1d;\u00e9s a te tiszta Fiad, a &#8230;<\/div><\/li>\n<li><div class=\"wp-block-latest-posts__featured-image alignleft\"><a href=\"https:\/\/szirbes.hu\/index.php\/2025\/12\/26\/karacsony-2025\/\" aria-label=\"Kar\u00e1csony (2025)\"><img loading=\"lazy\" decoding=\"async\" width=\"150\" height=\"150\" src=\"https:\/\/szirbes.hu\/wp-content\/uploads\/2025\/12\/20251225_111130-1-150x150.jpg\" class=\"attachment-thumbnail size-thumbnail wp-post-image\" alt=\"\" style=\"max-width:75px;max-height:75px;\" \/><\/a><\/div><a class=\"wp-block-latest-posts__post-title\" href=\"https:\/\/szirbes.hu\/index.php\/2025\/12\/26\/karacsony-2025\/\">Kar\u00e1csony (2025)<\/a><time datetime=\"2025-12-26T07:51:36+01:00\" class=\"wp-block-latest-posts__post-date\">2025-12-26<\/time><div class=\"wp-block-latest-posts__post-excerpt\">Kar\u00e1csony el\u0151estj\u00e9n (Szenteste) k\u00f6zel 20-an k\u00e1nt\u00e1l\u00e1sra indultunk a k\u00f6zt\u00e9ri Betlehemt\u0151l. P\u00e1r &#8211;el\u0151re megbesz\u00e9lt &#8211; h\u00e1zhoz bet\u00e9rt\u00fcnk, hogy \u00e9nek\u00fcnk \u00e1ltal megosszuk Krisztus sz\u00fclet\u00e9s\u00e9nek\u00f6r\u00f6mh\u00edr\u00e9t.Este 10 \u00f3r\u00e1ra \u00e9rkez\u00fcnk a templomhoz, ahol m\u00e1sok is &#8230;<\/div><\/li>\n<li><div class=\"wp-block-latest-posts__featured-image alignleft\"><a href=\"https:\/\/szirbes.hu\/index.php\/2025\/12\/14\/karacsonyi-keszulet\/\" aria-label=\"Kar\u00e1csonyi k\u00e9sz\u00fclet\"><img loading=\"lazy\" decoding=\"async\" width=\"150\" height=\"150\" src=\"https:\/\/szirbes.hu\/wp-content\/uploads\/2025\/12\/20151211_080401-150x150.jpg\" class=\"attachment-thumbnail size-thumbnail wp-post-image\" alt=\"\" style=\"max-width:75px;max-height:75px;\" \/><\/a><\/div><a class=\"wp-block-latest-posts__post-title\" href=\"https:\/\/szirbes.hu\/index.php\/2025\/12\/14\/karacsonyi-keszulet\/\">Kar\u00e1csonyi k\u00e9sz\u00fclet<\/a><time datetime=\"2025-12-14T20:39:32+01:00\" class=\"wp-block-latest-posts__post-date\">2025-12-14<\/time><div class=\"wp-block-latest-posts__post-excerpt\">Lelki teend\u0151k az \u00fcnnep el\u0151tt K\u00f6zeledik a kar\u00e1csony. Nem csak a gyerekek, de mindannyian v\u00e1rjuk az \u00fcnnepet, s tesz\u00fcnk is az\u00e9rt&nbsp; k\u00f6rnyezet\u00fcnkben, hogy az \u00dar megtestes\u00fcl\u00e9se val\u00f3ban \u00f6r\u00f6mteli legyen sz\u00e1munkra. &#8230;<\/div><\/li>\n<li><div class=\"wp-block-latest-posts__featured-image alignleft\"><a href=\"https:\/\/szirbes.hu\/index.php\/2025\/12\/08\/muzeumlatogatas-nyiregyhazan-2025-november-29\/\" aria-label=\"M\u00fazeuml\u00e1togat\u00e1s Ny\u00edregyh\u00e1z\u00e1n (2025.november 29.)\"><img loading=\"lazy\" decoding=\"async\" width=\"150\" height=\"150\" src=\"https:\/\/szirbes.hu\/wp-content\/uploads\/2025\/12\/1-150x150.jpg\" class=\"attachment-thumbnail size-thumbnail wp-post-image\" alt=\"\" style=\"max-width:75px;max-height:75px;\" \/><\/a><\/div><a class=\"wp-block-latest-posts__post-title\" href=\"https:\/\/szirbes.hu\/index.php\/2025\/12\/08\/muzeumlatogatas-nyiregyhazan-2025-november-29\/\">M\u00fazeuml\u00e1togat\u00e1s Ny\u00edregyh\u00e1z\u00e1n (2025.november 29.)<\/a><time datetime=\"2025-12-08T05:45:31+01:00\" class=\"wp-block-latest-posts__post-date\">2025-12-08<\/time><div class=\"wp-block-latest-posts__post-excerpt\">November 29-\u00e9n, &#8211; \u00f6nkorm\u00e1nyzatunk mikrobuszait k\u00f6lcs\u00f6n k\u00e9rve &#8211; eljutottunkNy\u00edregyh\u00e1z\u00e1ra, els\u0151sorban abb\u00f3l a c\u00e9lb\u00f3l, hogy ismerkedj\u00fcnk hagyom\u00e1nyainkkal. Az ottaniG\u00f6r\u00f6gkatolikus M\u00fazeumban megtekintett\u00fck \u201eAblak az \u00f6r\u00f6kk\u00e9val\u00f3s\u00e1gba\u201d nevet visel\u0151 \u00e1lland\u00f3ki\u00e1ll\u00edt\u00e1st, az orosz ikonok t\u00e1rlat\u00e1t &#8230;<\/div><\/li>\n<li><div class=\"wp-block-latest-posts__featured-image alignleft\"><a href=\"https:\/\/szirbes.hu\/index.php\/2025\/11\/03\/kozossegi-nap-2025-oktober-11\/\" aria-label=\"K\u00f6z\u00f6ss\u00e9gi nap (2025.okt\u00f3ber 11.)\"><img loading=\"lazy\" decoding=\"async\" width=\"150\" height=\"150\" src=\"https:\/\/szirbes.hu\/wp-content\/uploads\/2025\/11\/11-20251011_125510-1-150x150.jpg\" class=\"attachment-thumbnail size-thumbnail wp-post-image\" alt=\"\" style=\"max-width:75px;max-height:75px;\" \/><\/a><\/div><a class=\"wp-block-latest-posts__post-title\" href=\"https:\/\/szirbes.hu\/index.php\/2025\/11\/03\/kozossegi-nap-2025-oktober-11\/\">K\u00f6z\u00f6ss\u00e9gi nap (2025.okt\u00f3ber 11.)<\/a><time datetime=\"2025-11-03T06:29:21+01:00\" class=\"wp-block-latest-posts__post-date\">2025-11-03<\/time><div class=\"wp-block-latest-posts__post-excerpt\">Csal\u00e1di nap&nbsp; 2025. Okt\u00f3ber 11-\u00e9n, szombaton hagyom\u00e1ny szerint csal\u00e1di napot tartottunk templomunk udvar\u00e1n. A legkor\u00e1bban kel\u0151k m\u00e1r kakassz\u00f3kor k\u00e9sz\u00fcl\u0151dtek a bogr\u00e1csoz\u00e1sra, majd t\u00edz \u00f3rakkor k\u00f6z\u00f6s parakliszra gy\u0171lt\u00fcnk \u00f6ssze templomunkban, Sz\u0171zany\u00e1nkhoz &#8230;<\/div><\/li>\n<li><div class=\"wp-block-latest-posts__featured-image alignleft\"><a href=\"https:\/\/szirbes.hu\/index.php\/2025\/09\/24\/zenei-koncert-40-eves-a-nemzeti-enekkar-2\/\" aria-label=\"Pergolesi &#8211; Stabat Mater\u00a0zenei koncert           \u2013 40 \u00e9ves a Nemzeti \u00e9nekkar\"><img loading=\"lazy\" decoding=\"async\" width=\"150\" height=\"150\" src=\"https:\/\/szirbes.hu\/wp-content\/uploads\/2025\/09\/15-150x150.jpg\" class=\"attachment-thumbnail size-thumbnail wp-post-image\" alt=\"\" style=\"max-width:75px;max-height:75px;\" \/><\/a><\/div><a class=\"wp-block-latest-posts__post-title\" href=\"https:\/\/szirbes.hu\/index.php\/2025\/09\/24\/zenei-koncert-40-eves-a-nemzeti-enekkar-2\/\">Pergolesi &#8211; Stabat Mater\u00a0zenei koncert           \u2013 40 \u00e9ves a Nemzeti \u00e9nekkar<\/a><time datetime=\"2025-09-24T21:58:47+02:00\" class=\"wp-block-latest-posts__post-date\">2025-09-24<\/time><div class=\"wp-block-latest-posts__post-excerpt\">2025. szeptember 20-\u00e1n szombaton 18 \u00f3r\u00e1t\u00f3l a Szirmabeseny\u0151i g\u00f6r\u00f6gkatolikus templomban k\u00fcl\u00f6nleges zenei \u00e9s\u00a0lelki \u00e9lm\u00e9nyben volt r\u00e9sz\u00fcnk, ahol Giovanni Battista Pergolesi Stabat Mater cim\u0171\u00a0m\u0171v\u00e9t adt\u00e1k el\u0151 a nemzeti \u00e9nekkar tagjai. Sz\u0171z &#8230;<\/div><\/li>\n<\/ul>","protected":false},"excerpt":{"rendered":"<p>K\u00f6sz\u00f6ntj\u00fck az oldalunkon! L\u00e1togassa meg egyh\u00e1zk\u00f6zs\u00e9g\u00fcnk Facebook oldal\u00e1t is. Az \u00f6sszes bejegyz\u00e9st a Bejegyz\u00e9sek men\u00fcre kattintva tal\u00e1lja.<\/p>\n","protected":false},"author":1,"featured_media":0,"parent":0,"menu_order":0,"comment_status":"closed","ping_status":"closed","template":"","meta":{"footnotes":""},"class_list":["post-410","page","type-page","status-publish","hentry"],"_links":{"self":[{"href":"https:\/\/szirbes.hu\/index.php\/wp-json\/wp\/v2\/pages\/410","targetHints":{"allow":["GET"]}}],"collection":[{"href":"https:\/\/szirbes.hu\/index.php\/wp-json\/wp\/v2\/pages"}],"about":[{"href":"https:\/\/szirbes.hu\/index.php\/wp-json\/wp\/v2\/types\/page"}],"author":[{"embeddable":true,"href":"https:\/\/szirbes.hu\/index.php\/wp-json\/wp\/v2\/users\/1"}],"replies":[{"embeddable":true,"href":"https:\/\/szirbes.hu\/index.php\/wp-json\/wp\/v2\/comments?post=410"}],"version-history":[{"count":14,"href":"https:\/\/szirbes.hu\/index.php\/wp-json\/wp\/v2\/pages\/410\/revisions"}],"predecessor-version":[{"id":1308,"href":"https:\/\/szirbes.hu\/index.php\/wp-json\/wp\/v2\/pages\/410\/revisions\/1308"}],"wp:attachment":[{"href":"https:\/\/szirbes.hu\/index.php\/wp-json\/wp\/v2\/media?parent=410"}],"curies":[{"name":"wp","href":"https:\/\/api.w.org\/{rel}","templated":true}]}}